late the highest common factor of l and m.
1
Let t = 242 + -224. What is the highest common divisor of t and 126?
18
Let d = 153 + -27. Calculate the highest common factor of d and 56.
14
Suppose 4*s = -3*n - 0*s + 15, -21 = -n + 4*s. Suppose -13*v + 24 = -n*v. What is the greatest common divisor of v and 1?
1
Suppose 0 = -w + m + 31, 2*w + w + 5*m = 61. Suppose 13*a = 2007 - 603. What is the greatest common factor of w and a?
27
Let a(o) = 4 + 3*o - 2*o - 7. Let x be a(6). Let m(z) = -22*z + 904. Let p be m(41). What is the highest common divisor of p and x?
1
Suppose -47*l = -33*l - 560. What is the highest common divisor of l and 120?
40
Suppose -4*t = -3*q + t + 2, 2*t = -q + 8. Let u = 9 + 3. Suppose -h - q + u = 0. Calculate the highest common factor of h and 64.
8
Let v(o) = 511*o + 1550. Let u be v(-3). Let f be (-18)/(2/(-34)*2). Calculate the highest common factor of f and u.
17
Let j = -75 + 121. Let w be 7/35*5 - (-1 + -504). Calculate the highest common divisor of w and j.
46
Let d = -4 - -15. Let n(a) = 79*a - 669. Let y be n(10). Calculate the highest common divisor of d and y.
11
Suppose 2*q = -8, z - 678 = 4*q - 2*q. What is the greatest common divisor of 40 and z?
10
Let j(y) be the first derivative of y**3/3 - y**2 + 9*y - 15. Let v be j(5). Calculate the highest common divisor of 3 and v.
3
Suppose 3 = 3*h, 4*f = -4*h - 0 + 12. Suppose -f*m = 2*m - 68. Let x(a) = 17*a. Let c be x(5). What is the highest common factor of m and c?
17
Let r = 270 + -88. Let v = 103 + -89. What is the greatest common divisor of v and r?
14
Let y be (-52)/(-5) - (-14)/(-35). Suppose y*s = 5*s - 15. Let g be -6*(7/s + 2). What is the greatest common divisor of g and 16?
2
Let p(r) = r**3 + 10*r**2 + 15*r - 2. Let v be p(-8). Suppose 672 = 14*w - 0*w. What is the highest common factor of w and v?
6
Suppose -4*j + 5*i + 1226 = -1760, -6*j - 3*i + 4458 = 0. Calculate the highest common factor of 24 and j.
24
Let y = 67 + -67. Let t = 11 - y. What is the highest common divisor of t and 77?
11
Let s(m) = m**3 - 5*m**2 + 8*m - 3. Let r be s(3). Suppose -r*i + i = -112. Calculate the greatest common factor of i and 14.
14
Let w(u) = u**3 - 5*u**2 - 3*u. Let j be w(6). Let p(o) = o**2 - 14*o + 51. Let c be p(11). Calculate the greatest common factor of c and j.
18
Suppose -35*c + 2226 + 4284 = 0. Calculate the greatest common divisor of c and 6.
6
Let q = 39 + -15. Let p(w) = 4*w - 21. Let z be p(7). Suppose 0 = o - z - 53. What is the highest common divisor of o and q?
12
Let m(w) = w**3 + 8*w**2 - 3*w - 4. Let j be m(-7). Calculate the greatest common divisor of 231 and j.
33
Let g = -120 + 131. Calculate the highest common divisor of 407 and g.
11
Let v = 1252 + -1231. Calculate the highest common divisor of v and 525.
21
Let z be (11/(-2))/(88/(-16)). Calculate the highest common divisor of 227 and z.
1
Let l be (-42)/(-28) + 12/8. Calculate the greatest common factor of l and 363.
3
Suppose 313 = 8*c - 231. What is the greatest common divisor of c and 918?
34
Let w = -236 - -1031. What is the greatest common factor of 15 and w?
15
Let i be (-2)/10 - (-21)/5. Suppose 3*t = -i*w + 201, 2*w - 123 = t + 2*t. What is the greatest common factor of w and 36?
18
Let q(a) = -a**3 - 5*a**2 + 5*a + 5. Let n be q(-6). Suppose -5*d - 46 = -16. Let r be (2 - 35)*d/9. Calculate the highest common divisor of n and r.
11
Suppose 106 = 3*l - 566. Calculate the highest common factor of l and 160.
32
Let i = 421 + -329. What is the highest common factor of i and 115?
23
Let j = 69 + 22. Suppose 0 = k - 7*k + 18. Let b be 1 - (k - (16 - 1)). What is the greatest common divisor of b and j?
13
Suppose 61*g - 36 = 64*g. Let k be (-2)/12 - 434/g. What is the greatest common divisor of 48 and k?
12
Suppose -4*p - 21 = i, -30 - 31 = 5*i - 2*p. Let h = -13 - i. Suppose 2*c - 2 - 8 = h. Calculate the highest common divisor of c and 25.
5
Let h be -4 - (376/12)/(1/(-3)). What is the highest common divisor of h and 30?
30
Suppose 3*g - l = 118, -g + 0*g = 4*l - 22. Calculate the highest common factor of g and 38.
38
Suppose -b - t + 4*t + 346 = 0, -b + 356 = -t. What is the highest common divisor of b and 19?
19
Suppose 325*k = 315*k + 650. Suppose 5*l - 124 = 3*z, -3*z - 16 = -l + 2*z. What is the greatest common factor of k and l?
13
Let h = -9 - -9. Let o = -1 + h. Let v(r) = -15*r**3 - 1. Let s be v(o). Calculate the greatest common factor of s and 7.
7
Let z be (-10)/15 - (-35)/3. Let m = z + 9. Calculate the greatest common factor of m and 40.
20
Let d(c) = -c**3 + 6*c**2 + 6*c + 7. Let f be d(6). Let m = 706 - 405. Calculate the highest common factor of f and m.
43
Let x be 38*(-15)/10*-2. Let y = x + -89. Let n(g) = g + 5. Let w be n(0). Calculate the greatest common factor of w and y.
5
Let o = -24 - -57. Let i = o - 31. Calculate the greatest common divisor of 4 and i.
2
Suppose 266*o = 269*o - 270. What is the highest common factor of o and 360?
90
Let z = -35 + 59. Calculate the greatest common factor of z and 12.
12
Let h = -15 - -542. What is the greatest common divisor of h and 124?
31
Let j = -36 + 50. Let d = j + 82. Calculate the greatest common divisor of d and 12.
12
Suppose 4*k - 25 = -4*v - 117, 43 = -k + 3*v. Let x be 12/(-8)*k/(-3)*-2. What is the greatest common factor of 7 and x?
7
Suppose 6 = 3*z - k, 2*z - 4*k + 24 = 6*z. Let q = 9 + z. What is the highest common factor of q and 6?
6
Let q = 26 - 20. Suppose -f - n = 2*f - 14, 3*f = 3*n - q. Suppose 0*d - 2*d - 252 = -5*x, f*d + 203 = 4*x. What is the highest common divisor of 75 and x?
25
Let g be -2*(7/2 - -5). Let y = g - -251. Calculate the highest common divisor of 18 and y.
18
Let x = 215 + -213. What is the highest common divisor of 46 and x?
2
Suppose 4*o + 112 = 8*o. Suppose o*a - 31*a = -84. What is the highest common divisor of a and 8?
4
Suppose 0 = 5*h + 6 + 14. Let c be (-8)/(-28) - h/(-14). Suppose -8*o + 4*o + 20 = c. Calculate the highest common divisor of 5 and o.
5
Suppose -4*z + z = -60. Let d = z + -4. Calculate the highest common divisor of d and 128.
16
Suppose -5*f + 5*l + 0*l = 30, -3*l + 23 = -4*f. Let c(a) = a**3 + 6*a**2 + a - 3. Let q be c(f). What is the highest common divisor of 187 and q?
17
Let y(m) = -m**3 + 2*m**2 - 1. Let l be y(1). Suppose 5*d - 67 = 2*w - l*w, -2*w = -4*d + 54. What is the highest common factor of d and 117?
13
Let t(u) = 7*u**2 - 11*u + 8. Let w(y) = -8*y**2 + 12*y - 7. Let o(p) = 6*t(p) + 5*w(p). Let d be o(6). What is the greatest common divisor of d and 49?
49
Let y be ((-9)/(-6))/(1/60). Suppose 2*b = -6, -4*h + b = -b - y. Let q be 4*1*(-6)/(-8). Calculate the highest common factor of h and q.
3
Let a(d) = d**2 + 13*d - 39. Let x be a(3). What is the highest common factor of 1629 and x?
9
Let p = 140 + -12. Let v(q) = -q**2 + 7*q + 4. Let n be v(4). Calculate the greatest common factor of p and n.
16
Let l(c) = 7*c + 54. Let f be l(18). Calculate the greatest common factor of f and 405.
45
Suppose 2*a - 802 = -5*r - 150, 0 = 5*r + 20. What is the highest common divisor of a and 420?
84
Let f = 70 - 48. Let b(u) = -u**3 + 2*u**2 + 3*u - 2. Let p be b(3). Let z be (6/(-6))/(1/p). Calculate the greatest common divisor of f and z.
2
Suppose 0 = -5*f - d + 122, 3*f - 4*d = -d + 66. Let a(o) = -o**3 + 24*o**2 + 2*o - 46. Let s be a(f). What is the highest common divisor of 5 and s?
1
Suppose -8*y - 135 = -17*y. Let l(c) = 74*c + 1. Let b be l(1). Calculate the highest common factor of b and y.
15
Let l be (68/(-1))/(-2) + 0. Let a be 40 - (2/2 - -3). Suppose 5*g - b - 86 = 0, -2*g + a = -0*g - 2*b. Calculate the highest common divisor of l and g.
17
Let c be (1 + -5 - (-735)/84)*52. Calculate the highest common factor of c and 19.
19
Let s be -1*(0 - 1)*3. Suppose 4*y - 3*w - 8 = s*y, 0 = 2*y - 5*w - 14. Suppose -2*m + 500 = y*m. What is the greatest common factor of m and 50?
25
Let z(o) = 8*o**2 - 29*o + 109. Let w be z(5). What is the greatest common factor of w and 8?
4
Let f be (-2 - 4/(-6))*-12. Let v(u) = 8*u + 3*u**2 - 2 + 12 + u. Let j be v(-6). Calculate the greatest common factor of f and j.
16
Let b = -2912 - -2916. What is the greatest common factor of 41 and b?
1
Let s = -13 - -18. Let z(p) = 5*p**2 - 7*p + 6. Let k be z(s). Calc